s the highest common factor of 1976 and m?
152
Suppose 4*x = -12 - 4, 3*x + 227 = 5*a. Suppose 25 - a = -3*t. What is the greatest common divisor of 192 and t?
6
Let a be ((-1062)/(-36) - 7)*52/10. Suppose z - 8 = 5. What is the greatest common divisor of a and z?
13
Let d(m) = -m + 22. Let t be d(0). Suppose 5*i - 19 = 3*q - 46, -5*q = 4*i - 82. Calculate the highest common divisor of q and t.
2
Let y(q) = q**3 + 85*q**2 - 102*q - 144. Let r be y(-79). What is the greatest common factor of 54 and r?
54
Suppose 0 = -2*i + 13*i - 33. Suppose d = -3*z + z + 32, 0 = d + i*z - 34. Suppose 0 = 2*s - 7 - 1. What is the greatest common factor of s and d?
4
Suppose -43*j + 44*j + 40*j = 39606. Calculate the greatest common divisor of 1050 and j.
42
Let o be 5/1 - (108 + -1). Let g be (-104 - o)/(11/12 + -1). What is the greatest common divisor of g and 30?
6
Let h(o) = -277*o - 1. Let g be h(-3). Suppose 1349*c - 1238*c - 1110 = 0. What is the greatest common divisor of c and g?
10
Suppose 6*i = 265 + 83. Let k = 0 - 18. Let p = i + k. What is the greatest common divisor of p and 10?
10
Suppose -3*r - 2 + 23 = -3*o, -3*r + 13 = -2*o. Let s = -38 - o. Let c be s/(2 - 7)*100/6. What is the greatest common factor of c and 40?
20
Let k(q) = -5 - 10*q**2 - 6*q - 2*q**3 + 11*q - 17*q**2 - 1. Let b be k(-14). Calculate the greatest common divisor of b and 72.
24
Let l(r) = r**3 - 5*r**2 - 3*r + 3. Let b be l(6). Suppose -h = -4*h - 4*u + 21, 5*h + 2*u - b = 0. Calculate the greatest common factor of h and 96.
3
Let h(b) = -b**3 + 13*b**2 - 8*b - 8. Let a be h(12). Let o = -10 - -12. Suppose o*j - 25 = 55. Calculate the greatest common divisor of a and j.
40
Suppose 51*o - 15 = -53*o + 4041. What is the greatest common divisor of o and 16497?
39
Suppose -4*d + 3*d = -3, 5*d + 7 = q. Suppose 29*z - 504 = q*z. What is the greatest common factor of 16 and z?
8
Suppose 20 = 25*g - 21*g. Let q(v) = -g + 4 - 8*v - 7. Let y be q(-4). What is the highest common divisor of y and 84?
12
Let f(s) = -3*s + 27. Let t be f(-8). Calculate the greatest common divisor of 527 and t.
17
Suppose 27 - 6 = 7*p. Suppose 0 = p*l - 2*m - 247, 445 = 3*l + 2*l + 5*m. Calculate the greatest common divisor of 5 and l.
5
Suppose 309*j = -214*j + 1777677. What is the greatest common factor of j and 515?
103
Let z = 6609 - 5427. What is the greatest common factor of 18 and z?
6
Let y be 10 - -2*3/6. Let w be 2/(-5) - 0 - (-207)/5 - -3. What is the greatest common divisor of y and w?
11
Let d be (-91)/39*15*198/(-7). Suppose 7*b - 18*b = -d. Suppose z - 60 = -3*z. Calculate the greatest common divisor of z and b.
15
Let s = 1102 - 724. Suppose 0*z = 2*z - 5*k - 3, -5*k + 81 = 4*z. Calculate the highest common divisor of z and s.
14
Suppose -4*r = 202 + 238. Let b = 116 + r. Let o(i) = 12*i - 6. Let p be o(b). Calculate the greatest common divisor of p and 11.
11
Let a(y) = -y**2 + 23*y - 95. Let s(w) = 11*w + 172. Let o be s(-15). Let c be a(o). Calculate the greatest common factor of c and 153.
17
Suppose 2*w - 522 = -5*t, -2*w + t - 1062 = -6*w. Let a be (-16)/232 + (-29808)/(-783). Calculate the highest common factor of w and a.
38
Suppose -3*x + 18 = -3. Let v = x + -13. Let j be 15 - (-5)/(10/v). Calculate the greatest common divisor of 8 and j.
4
Suppose -20*g = -39*g + 2*g + 527. What is the greatest common factor of 1333 and g?
31
Suppose -3*c - 4*g + 248 = 0, 4*g = 728*c - 725*c - 256. Calculate the greatest common factor of 144 and c.
12
Let w be -7 - 49/((3 - 0)/(-3)). What is the greatest common factor of 525 and w?
21
Let o(y) = -7*y + 235. Let g(q) = -q**3 - 5*q**2 + 13*q - 7. Let m be g(-7). Let w be o(m). Calculate the highest common factor of 94 and w.
47
Let h = -16918 + 16957. Calculate the greatest common divisor of 2249 and h.
13
Let a be (16/(-20) - -2)/((-1)/(-5)). Suppose 9*o - 459 = a*o. What is the highest common factor of 102 and o?
51
Let u be (-1)/(-2) + 298/4. Let b(j) = 1689*j - 5042. Let l be b(3). What is the greatest common divisor of u and l?
25
Let g = 201 - 191. Let t(d) = -d**3 + 8*d**2 + 22*d - 15. Let r be t(g). What is the greatest common factor of 125 and r?
5
Suppose 398 = 2*z - 34. Let f = -2266 + 2314. Calculate the highest common divisor of f and z.
24
Let z = 10 - 5. Suppose z*d - 14 = -x + 7, 3*d - 4*x = 31. What is the greatest common divisor of 85 and d?
5
Suppose 46*x = -3*v + 49*x + 210, 220 = 3*v + 2*x. Calculate the highest common factor of 306 and v.
18
Let w(n) = -334*n + 394. Let v be w(-8). What is the highest common divisor of v and 365?
73
Let g be (256 - 4)/((-14)/(-8) + -1). Let x = -329 + g. What is the greatest common divisor of 203 and x?
7
Let g = 22897 + -22845. Calculate the highest common divisor of g and 572.
52
Suppose -3*t = -9*t + 28566. Suppose 0 = 50*m - t + 261. What is the highest common factor of m and 81?
9
Let k be 10/5 - 10 - -268. What is the highest common divisor of k and 26?
26
Let n be -2 + (-2928 + 1)/(22 - 23). Suppose 425*w - 428*w + n = 0. Calculate the greatest common factor of w and 39.
39
Let u be (-2898)/(-27)*(41391/18)/21. Calculate the greatest common factor of u and 161.
161
Let o be (0 - -1 - 2*(-238)/(-68)) + 20. Let p(h) = 90*h + 6. Let x be p(6). Calculate the greatest common factor of x and o.
14
Let m = 234 - 230. Suppose m*y + 4 - 16 = -4*q, 2*q - 10 = -4*y. Let h(s) = -s + 3. Let n be h(-4). What is the highest common factor of q and n?
1
Let z = -737 + 1619. Let d = z - 369. Calculate the greatest common factor of d and 57.
57
Let m be 2 + (-39*1)/(-1). Let q be 208 + (1/(-3))/((3 - 12)/(-81)). What is the highest common divisor of m and q?
41
Let z = 48 + 181. Let y be z + 4 + (0 - -5). Calculate the greatest common factor of 98 and y.
14
Let q(w) = w + 3. Let a be q(14). Let h be (-6)/(-9) - (-931)/57. What is the highest common divisor of h and a?
17
Let v(s) = -s**2 - 81*s - 1195. Let u be v(-56). Suppose 147 = 2*b - 99. Calculate the greatest common factor of u and b.
41
Let z be ((245/(-28))/(-7))/(15/480)*774. Calculate the highest common divisor of z and 215.
215
Suppose 582*u + 55821 = 149505 + 150756. Let f be (-8 + 1)*(-48)/2. Calculate the highest common divisor of u and f.
84
Let a = 201 + -199. Suppose 0 = 2*n - a*o - 3*o - 137, 0 = 4*n - 5*o - 299. What is the greatest common factor of 27 and n?
27
Let c = 54 - 6. Suppose 130*z - 127*z - 108 = 0. Suppose 0 = -12*s + 15*s - z. Calculate the highest common factor of c and s.
12
Let s(m) = 4*m**2 + 82*m + 243. Let j be s(-3). Let d = 1 + 0. Suppose -4*o + 9 = -k, o + 2*k - 8 = d. What is the greatest common divisor of j and o?
3
Suppose -m + 3*m - 125 = -3*i, m = 3*i - 122. Let p be (28/(-35))/(1/(-1335)). Let j = p - 617. Calculate the highest common factor of i and j.
41
Suppose -1 = -5*s + 4*s. Let d = 2 + s. Let q(p) = -p**3 - 9*p**2 + 31*p - 36. Let u be q(-12). What is the greatest common factor of d and u?
3
Suppose 0 = -4*y - 3*p + 1081, 3*y + p - 810 = -p. Calculate the highest common factor of 201 and y.
67
Let i = -1818 - -2107. Calculate the greatest common divisor of 561 and i.
17
Let t be ((-967680)/3528)/(4/(-98)). What is the greatest common factor of t and 132?
12
Suppose -2*n + 5*y - 148 + 209 = 0, -y = 2*n - 31. Calculate the greatest common factor of 1074 and n.
6
Suppose 9*g + 3*t - 36 = 0, -8*g + 7*g - 2*t + 4 = 0. Calculate the highest common factor of g and 68.
4
Suppose 9*b - 2786 + 1662 = 2188. Calculate the greatest common divisor of b and 230.
46
Suppose -272 = -14*f + 15*f. Let o = f - -274. What is the greatest common divisor of 11 and o?
1
Let l(u) = -86*u + 2745. Let z be l(8). Calculate the highest common factor of 34 and z.
17
Let d be (5 + (-22)/5)*-10. Let v(f) = -17*f + 136. Let a be v(d). Calculate the highest common factor of a and 28.
14
Let m = 846 + -780. Let n = -16 - -28. Let c be (-99)/n*16/(-6). What is the highest common divisor of m and c?
22
Let o(y) = 14*y**2 + 5*y + 87. Let v be o(-9). Calculate the greatest common factor of v and 3.
3
Let r(m) = 12*m**3 + 84*m**2 + 6*m + 71. Let x be r(-7). Calculate the greatest common factor of 59 and x.
1
Suppose -6 - 2 = -v - f, 5*v - 4*f = 22. Suppose -140 = -3*l + 7*w - v*w, -3*l - 5*w + 164 = 0. What is the highest common diviso